 thousands digit of 1133879754?
8
What is the units digit of 441469926?
6
What is the millions digit of 1747523171?
7
What is the thousands digit of 1579725135?
5
What is the units digit of 4190120148?
8
What is the ten thousands digit of 6122682773?
8
What is the units digit of 2137166873?
3
What is the thousands digit of 784317075?
7
What is the units digit of 43387802?
2
What is the ten thousands digit of 3697312612?
1
What is the units digit of 3144329873?
3
What is the hundreds digit of 242377354?
3
What is the units digit of 187339373?
3
What is the ten thousands digit of 57505542?
0
What is the thousands digit of 43791673?
1
What is the hundred thousands digit of 42518378?
5
What is the hundred millions digit of 191720796?
1
What is the units digit of 140199310?
0
What is the ten thousands digit of 53203556?
0
What is the thousands digit of 222122849?
2
What is the billions digit of 3054888082?
3
What is the hundred millions digit of 5575839966?
5
What is the ten thousands digit of 4668093439?
9
What is the hundreds digit of 156029357?
3
What is the hundreds digit of 87295470?
4
What is the millions digit of 441202190?
1
What is the ten millions digit of 240957660?
4
What is the hundred thousands digit of 28338602?
3
What is the ten millions digit of 24166657?
2
What is the tens digit of 902807682?
8
What is the ten millions digit of 1667890294?
6
What is the hundreds digit of 1839016908?
9
What is the ten thousands digit of 11275702?
7
What is the units digit of 175543764?
4
What is the thousands digit of 298031184?
1
What is the ten thousands digit of 63464559?
6
What is the tens digit of 2014384873?
7
What is the tens digit of 37531832?
3
What is the hundreds digit of 13993723?
7
What is the tens digit of 48460192?
9
What is the millions digit of 57718996?
7
What is the ten millions digit of 43464436?
4
What is the millions digit of 119019299?
9
What is the hundreds digit of 4298406?
4
What is the thousands digit of 339468196?
8
What is the ten millions digit of 716032770?
1
What is the ten millions digit of 687850331?
8
What is the ten millions digit of 481462440?
8
What is the hundreds digit of 681282903?
9
What is the tens digit of 7032665?
6
What is the ten thousands digit of 207936117?
3
What is the ten millions digit of 23786400?
2
What is the ten thousands digit of 3422226?
2
What is the millions digit of 93357817?
3
What is the hundreds digit of 576523300?
3
What is the ten millions digit of 181297236?
8
What is the hundreds digit of 5439848526?
5
What is the hundred thousands digit of 231271115?
2
What is the hundreds digit of 14494883?
8
What is the thousands digit of 1136676277?
6
What is the ten thousands digit of 93480578?
8
What is the tens digit of 18615183?
8
What is the billions digit of 1086527622?
1
What is the thousands digit of 10620524?
0
What is the thousands digit of 47292739?
2
What is the thousands digit of 1621912?
1
What is the ten thousands digit of 1131374629?
7
What is the ten millions digit of 67021076?
6
What is the hundreds digit of 62355168?
1
What is the units digit of 133435703?
3
What is the units digit of 48384126?
6
What is the ten thousands digit of 70680820?
8
What is the millions digit of 134721348?
4
What is the millions digit of 12416794?
2
What is the ten millions digit of 70733652?
7
What is the hundred thousands digit of 1844406712?
4
What is the hundred thousands digit of 45229965?
2
What is the hundred millions digit of 4125886171?
1
What is the billions digit of 1228608962?
1
What is the millions digit of 221885159?
1
What is the ten thousands digit of 169888594?
8
What is the hundreds digit of 65182427?
4
What is the units digit of 27498233?
3
What is the units digit of 18588638?
8
What is the units digit of 124899102?
2
What is the hundreds digit of 113364221?
2
What is the tens digit of 186114229?
2
What is the tens digit of 957201975?
7
What is the hundred thousands digit of 6423018281?
0
What is the hundreds digit of 1355158901?
9
What is the ten millions digit of 437436778?
3
What is the hundred millions digit of 324477149?
3
What is the tens digit of 55513454?
5
What is the hundred thousands digit of 114623593?
6
What is the ten thousands digit of 4080728055?
2
What is the thousands digit of 426306270?
6
What is the thousands digit of 691867954?
7
What is the tens digit of 221143995?
9
What is the thousands digit of 16289885?
9
What is the billions digit of 8002955256?
8
What is the ten millions digit of 261191702?
6
What is the hundred thousands digit of 35201236?
2
What is the hundreds digit of 525612629?
6
What is the ten thousands digit of 1117042463?
4
What is the ten thousands digit of 69387636?
8
What is the hundred thousands digit of 24204629?
2
What is the units digit of 43449097?
7
What is the thousands digit of 553937390?
7
What is the hundred millions digit of 6917277998?
9
What is the ten thousands digit of 100218355?
1
What is the hundred thousands digit of 783321201?
3
What is the millions digit of 240763400?
0
What is the thousands digit of 140992869?
2
What is the tens digit of 34566735?
3
What is the ten thousands digit of 41878840?
7
What is the billions digit of 1744843063?
1
What is the ten thousands digit of 717801814?
0
What is the units digit of 424284432?
2
What is the units digit of 193056348?
8
What is the tens digit of 1018342?
4
What is the thousands digit of 321095596?
5
What is the tens digit of 1292030441?
4
What is the millions digit of 61896597?
1
What is the ten thousands digit of 78389747?
8
What is the hundred thousands digit of 609906391?
9
What is the millions digit of 7607320347?
7
What is the thousands digit of 502452161?
2
What is the tens digit of 2280270035?
3
What is the thousands digit of 80683908?
3
What is the thousands digit of 1214019?
4
What is the ten millions digit of 186123962?
8
What is the ten millions digit of 139340277?
3
What is the hundreds digit of 84618366?
3
What is the thousands digit of 196013085?
3
What is the units digit of 1995393204?
4
What is the hundreds digit of 4201493614?
6
What is the thousands digit of 41977797?
7
What is the hundred millions digit of 2400387754?
4
What is the hundred millions digit of 1951729302?
9
What is the units digit of 140298529?
9
What is the units digit of 161753404?
4
What is the millions digit of 137326386?
7
What is the units digit of 33154755?
5
What is the ten thousands digit of 52648685?
4
What is the hundred millions digit of 693376468?
6
What is the thousands digit of 103417314?
7
What is the hundreds digit of 1707197799?
7
What is the millions digit of 2308623711?
8
What is the thousands digit of 344816535?
6
What is the units digit of 48602742?
2
What is the ten thousands digit of 153933734?
3
What is the hundred millions digit of 885211027?
8
What is the hundred thousands digit of 50146306?
1
What is the hundreds digit of 916549376?
3
What is the millions digit of 3963642951?
3
What is the thousands digit of 3818558512?
8
What is the units digit of 363865131?
1
What is the units digit of 3526310?
0
What is the hundred millions digit of 145532482?
1
What is the ten thousands digit of 1958004374?
0
What is the ten thousands digit of 244536635?
3
What is the millions digit of 2451378037?
1
What is the hundred millions digit of 5043923227?
0
What is the ten millions digit of 73625830?
7
What is the ten thousands digit of 2021435989?
3
What is the ten millions digit of 34982893?
3
What is the millions digit of 148780798?
8
What is the millions digit of 18692866?
8
What is the ten thousands digit of 230845428?
4
What is the hundred thousands digit of 260951151?
9
What is the hundred millions digit of 232293293?
2
What is the hundreds digit of 166021978?
9
What is the ten millions digit of 215356879?
1
What is the billions digit of 1470933892?
1
What is the thousands digit of 50869178?
9
What is the tens digit of 263401776?
7
What is the hundreds digit of 150091855?
8
What is the ten millions digit of 938056420?
3
What is the billions digit of 1525081568?
1
What is the hundreds digit of 1281488053?
0
What is the hundreds digit of 370944436?
4
What is the hundred thousands digit of 24554839?
5
What is the hundred thousands digit of 375438789?
4
What is the thousands di